). Calculate g(b).
-1
Suppose 0 = -4*x + 4. Let d(i) = i**2 - 1. Let a(o) = -3*o**2 - 6*o + 6. Let b(w) = x*a(w) + 4*d(w). Determine b(6).
2
Let r(m) = -3 - m**2 - m - 3*m + 0*m**2. Let p = 55 - 59. Give r(p).
-3
Let z(u) = -3*u**2 - 7*u + 10. Let t(m) = -m**2 - 4*m + 5. Let a(o) = -7*t(o) + 3*z(o). What is a(4)?
-9
Let o(h) be the third derivative of -h**6/60 + h**5/20 - h**3/6 - 12*h**2. Give o(2).
-5
Suppose -9*y = -5*y + 20. Suppose -2*b = 2, 2*h - h + 3*b = 4. Let s(m) = 4*m + m**2 - h + 0*m**2 + 2. What is s(y)?
0
Let b be (-7)/(-21) + (-19)/3. Let m(f) = f**2 + 6*f + 6. What is m(b)?
6
Let i = 3 + -3. Suppose -p + 2 + 0 = i. Let h(c) = -3*c - 7*c + 4 + c**3 - 4*c**p + 3*c. What is h(5)?
-6
Let o be (0 - -1)*28/(-7). Let p = -2 + 8. Let n(u) = -3*u - p + 1 + 2*u. What is n(o)?
-1
Let g(i) = -i - 6. Let f be 7*(-5)/((-105)/18). Let w = 14 - f. Suppose -v - v = w. Calculate g(v).
-2
Let m(x) = x**2 + 9*x + 7. Suppose 43*c = 45*c + 12. Calculate m(c).
-11
Let w(a) = -a**2 - 5*a + 3. Suppose 0 = 3*d - 5*p, 4*p - 6 = -d + 11. Let r be 2 + d/(5/(-7)). What is w(r)?
3
Let q = 38 - 42. Let m(g) = g**3 + 3*g**2 - 2*g + 1. Determine m(q).
-7
Let r(g) = g + 1. Let a(t) = -3*t - 3. Let d(q) = -2*a(q) - 5*r(q). Give d(-1).
0
Let y be (-34)/(-8) - 5/20. Let p be 5/(y + -1 - 2). Let o(i) = 0*i**2 - p*i**2 - i + 4*i**2. Determine o(-1).
0
Let z = -11 + 10. Let a(g) = -4*g**2 - g. Determine a(z).
-3
Let u(x) = 6*x**2 + 4*x + 14. Let g(q) = -7*q**2 - 3*q - 15. Let h(w) = 5*g(w) + 6*u(w). Let d be h(-8). Let n(t) = t - 1. Calculate n(d).
0
Suppose 0 = -a - a. Suppose 2*b - 5 - 1 = a. Let j(k) = -4*k + 2. Calculate j(b).
-10
Let s(f) = 8*f**2 - 7*f + 6. Let g(k) = k**2 - k + 1. Let y(c) = 5*g(c) - s(c). Let b(z) = -2*z**3 - 16*z**2 - z - 7. Let p be b(-8). Calculate y(p).
-2
Suppose 2*p - 6 = 0, -g = 5*p - 3*p - 4. Let l(s) = -11*s - 2. What is l(g)?
20
Let z(n) be the first derivative of 3*n**2/2 + 4*n + 21. What is z(-3)?
-5
Let o(i) = i**3 + 5*i**2 - 2*i - 3. Let t be o(-5). Let c(d) = -4*d**2 + t*d**2 + 1 - 4*d**2. Determine c(0).
1
Let m = 32 + -23. Let q be m + -2 - (2 - 1). Let t(v) = -v**2 + 5*v + 8. What is t(q)?
2
Let z(j) = -6*j**3 + 6*j**2 - 4*j - 1. Let y(u) = 5*u**3 - 7*u**2 + 5*u + 1. Let r(v) = 4*y(v) + 5*z(v). What is r(-1)?
11
Let y be ((-2)/(-4))/(2/(-24)). Let r(k) = k**3 + 5*k**2 - 10*k - 9. Calculate r(y).
15
Suppose 4*x + 7 = -1. Let l(v) = -4*v**2 - v - 1. Determine l(x).
-15
Suppose -5*o + 5*f = -45, -7 = -3*o - f + 12. Let i(n) = 2 - o + 0*n - 2*n. Calculate i(-6).
7
Suppose 2*x = d + 6, -3*x = 5*d + 2*x + 15. Let i = -6 - d. Let q(w) be the second derivative of 2*w**3/3 + 3*w**2/2 - w. Give q(i).
-5
Let l(p) be the second derivative of -p**7/840 + p**6/360 + p**4/24 + p**3/6 + 6*p. Let m(r) be the second derivative of l(r). Give m(-2).
13
Let q(s) = -2*s - 3. Let i = 6 + -8. Let l be q(i). Let y(m) = -6*m - 1. What is y(l)?
-7
Suppose k - p - 2 = 2, 0 = -5*p - 10. Suppose 4*q + 5 = 2*r + 3, -4*q = 5*r - 33. Let z(a) = r*a**k + 2*a - 4*a**2 - 1 + a. What is z(-4)?
3
Let z = -8 - -10. Suppose -10 + 2 = z*r. Let x(k) = -k**3 - 5*k**2 - 5*k - 5. Calculate x(r).
-1
Let l(u) = -4*u**2 - u - 1. Suppose 8 = 2*n + 2*f, -3*n - n + 3*f - 19 = 0. Give l(n).
-4
Let r(l) = l + 118*l**3 + 0*l - 114*l**3. Let x(p) = p**2. Let h be x(-1). Determine r(h).
5
Suppose 2*u = -u + 27. Suppose -9 = 4*q + 3*x, -x + 4*x + u = q. Let t be q/3 + 1 + -1. Let d(z) = z**3 - z**2 + 7. Calculate d(t).
7
Let c be (-4 + 3)*(1 - 0). Let k(a) be the first derivative of 7*a**3/3 + a + 2. Give k(c).
8
Suppose 0 = -2*x + 3 + 5. Suppose -2 - 2 = -x*r. Let c(m) = m + r - 3*m + 0*m. What is c(2)?
-3
Suppose -1 = 3*v - 7. Let x be 3*-1 + v + 4. Let h(w) = -w**2 + 3*w + 4. Determine h(x).
4
Suppose -4*a - 8 = k - 5*k, k + 2*a = 11. Let b(h) = -h**3 + 4*h**2 + 5*h + 2. Determine b(k).
2
Let l(s) be the first derivative of 2*s**3/3 + 3*s**2/2 + s - 2. Let j(b) = -6*b**2 - 10*b - 4. Let x(p) = 4*j(p) + 11*l(p). Calculate x(-4).
-9
Let x = -11 - -13. Let y(p) = 3*p - 3. Let h be y(x). Let v(m) = m**3 - 3*m**2 + m. Determine v(h).
3
Let y(w) be the first derivative of w**4/4 + w**3 - 5*w**2/2 - 3*w + 3. Determine y(-4).
1
Suppose 3*x + 6 = j, 6 - 3 = -3*x. Suppose 0*g - j*g - 12 = 0. Let m(q) = q**2 + 1 + 2*q - 3 - 3. What is m(g)?
3
Let a(z) = -220*z**3 + z**2 + 218*z**3 - 4*z + z**2 + 2. Determine a(2).
-14
Let v be 3*4*2/(-4). Let j(a) = 1. Let o(c) = c + 8. Let p(s) = -5*j(s) + o(s). Calculate p(v).
-3
Let v = -8 - -19. Let d(s) = -3*s + 3. Let z(u) = 8*u - 8. Let g(f) = v*d(f) + 4*z(f). Give g(2).
-1
Suppose l + 5*p - 35 = -l, -5*l - p = -30. Let o(k) = -k**2 + 7*k - 7. Let u be o(l). Let t = u - 4. Let y(n) = 4*n - 1. Determine y(t).
-5
Let a(s) = -2*s + 2*s + 0 + 10 - 2*s. Calculate a(7).
-4
Let q(b) be the second derivative of b**5/20 + b**4/6 - b**3/6 + 3*b**2/2 - b + 11. Suppose -2*k - 7 = -1. Give q(k).
-3
Let s(j) = -5 + 2*j**3 - j**3 - 4*j**2 + 1 + 0*j + 4*j. Let q(f) = f - 6. Let a be -2*(33/(-6) + 1). Let i be q(a). Determine s(i).
-1
Suppose 5*z = 2*w - 17, 4*w - 11 = 2*z - 1. Let l(b) = -b**3 + b. Give l(w).
0
Let i be ((-24)/9)/((-6)/9). Let v = i + -4. Let c(a) = a + 1. Let w(p) = -p. Let l(q) = 5*c(q) + 6*w(q). Calculate l(v).
5
Let c be (-6)/21 + (-16)/(-7). Let i(x) = -4 - c*x - x - x**2 - x. Let y = -3 - 0. Determine i(y).
-1
Let c(h) = 10*h**3. Let y(o) = -21*o**3. Let j(k) = 9*c(k) + 4*y(k). Determine j(-1).
-6
Let h = 17 - 12. Let m(n) = n - h*n + 3*n + 2. Calculate m(6).
-4
Suppose -9 = 3*s + 3. Suppose 4*m - 2 = -4*y - 14, 0 = 2*m - 4*y - 24. Let x(d) = 7 + 0*d + d**2 - m + 6*d + 1. What is x(s)?
-2
Let d(s) = 7*s**3 + 1. Suppose 5*y = -f - 4, -4*f = -2*y + 4 - 10. Calculate d(f).
8
Let f(x) = -x**2 - 6*x + 7. Let g be f(-5). Suppose 4*c = -0*c - g. Let d(t) = t**3 + 2*t**2 - 3*t - 1. What is d(c)?
-1
Let i = 19 - 11. Let r = i - 7. Let g(h) = -2*h**3 + h**2 - 1. What is g(r)?
-2
Let k be (-1)/(2/20 - 0). Let p(m) = m**2 + 10*m + 4. Let u be p(k). Let w(s) = 1 + 0 + 3 - 5*s + s**2. What is w(u)?
0
Let f = 60 + -130. Let x be (-3)/2*f/15. Let t(y) = y**3 + 8*y**2 + 3*y + 1. Let d(z) = -2*z**3 - 17*z**2 - 6*z - 3. Let v(i) = x*t(i) + 3*d(i). Give v(-4).
2
Let u(g) = -g**3 + 10*g**2 - 2*g + 8. Let h be u(10). Let o be 2 + (-8)/(h/3). Let y(f) = f**3 - 3*f**2 - 5*f. Give y(o).
-4
Suppose -2*l + 10 = 4. Let x be 1 + 1 + l + -1. Let c(k) = 1 - k - 3 + 4. Determine c(x).
-2
Let o(q) be the second derivative of -q**4/12 - q**3/2 - q**2 + q. Let d = -1 - -3. Let c(a) = -2*a**2 + 2*a + 2. Let n be c(d). What is o(n)?
0
Suppose -4*w - w = 15. Let j(u) = -4 - 5*u + u + 3*u. Give j(w).
-1
Let w = -4 + 2. Let n(r) = -2*r + r + 0*r - 4 + 3. Calculate n(w).
1
Let s(b) = b**2 - b - 5. Suppose 0*y = -5*y. Let a be (0/(-3) - -1)*y. What is s(a)?
-5
Let h(a) = -3*a + 12. Let u(f) = -2*f**3 - 2*f**2 + 3*f + 3. Let t be u(-2). Let k be h(t). Let v(y) = 3*y + y**3 + 0*y**2 - 6 + 4 + 4*y**2. Give v(k).
-2
Let w = 16 - 12. Suppose t = w*s - 18, -19 + 0 = 3*t - 5*s. Let z(o) = 2*o**2 - 3*o. Give z(t).
2
Let q(t) = t**3 - t**2 + t + 6. Let p be 14/35 - (-4)/(-10). Suppose 5*u = -o - o + 17, p = 5*u + o - 16. Suppose -5*v + 20 = u*i, 4 = 2*i + 3*i + v. Give q(i).
6
Let g(r) = 2*r - 25 + 15 + 11. Let n be 4/(-14) + 36/28. Determine g(n).
3
Let j be 1/(-3) - (-680)/(-30). Let w = 17 + j. Let a(x) = x**2 + 7*x - 1. Give a(w).
-7
Let x(w) be the first derivative of -w**4/2 + w**3 - w**2 - w + 9. What is x(2)?
-9
Suppose 0*z = 4*z + 4*a - 20, 6 = 3*a. Let q(u) = -4*u - z*u**3 - 3*u - 5*u**2 + 4*u**3 + 8. Give q(6).
2
Suppose -6 = -3*a + y, 2*a + 2*y - 1 - 11 = 0. Let z(r) = 3*r - 6*r + r + a*r - 7. Suppose 4*h - 11 = -3, -2*x + 3*h = 0. Give z(x).
-4
Let b be 6/(-9)*6 + 6. Let u(q) = q**2 + 2. Let g(f) = -f**2 + f - 2. Let p(r) = 5*g(r) + 4*u(r). What is p(b)?
4
Let z(i) = 1 + 0*i**2 - 3*i**2 + 0*i**3 + i**3. Suppose 0 = -3*d - 12, -14 = 2*x + 5*d - d. Calculate z(x).
-1
Let b(u) = u**3 - 5*u**2 + u - 4. Suppose 4*n + 7 - 27 = 0. Suppose -n*j + 0*j + 40 = 5*l, j = 3. What is b(l)?
1
Let h(y) = 7 - 4*y + 1 - 4 + 0*y. Determine h(-4).
20
Let w(v) = v**2 - 1. Let o(h) = -h**3 + h + 1. Let q(m) = o(m) - 2*w(m). Calculate q(-3).
9
Let m be (8/(-2))/((-8)/12). Let q(n) = -n + 3. What i